{"id":1257,"date":"2021-08-14T17:23:36","date_gmt":"2021-08-14T17:23:36","guid":{"rendered":"https:\/\/implanmorelia.org\/site\/?page_id=1257"},"modified":"2021-08-25T01:39:37","modified_gmt":"2021-08-25T01:39:37","slug":"mapp-morelia","status":"publish","type":"page","link":"https:\/\/implanmorelia.org\/site\/mapp-morelia\/","title":{"rendered":"Mapp Morelia"},"content":{"rendered":"<div class=\"content_box_inner\">\n<h4 align=\"justify\"><span style=\"font-weight: 400;\">El Instituto Municipal de Planeaci\u00f3n de Morelia desarroll\u00f3 una primera versi\u00f3n de la plataforma de uso libre denominada MappMorelia, mediante la cual es posible recolectar y mapear datos con un dispositivo m\u00f3vil desde cualquier lugar a partir de la creaci\u00f3n de formularios din\u00e1micos. Adem\u00e1s, esta herramienta puede generar, publicar y descargar informaci\u00f3n geogr\u00e1fica y estad\u00edstica de utilidad, e importante para la toma de decisiones en sus diferentes categor\u00edas de uso, gracias a sus diferentes herramientas de geolocalizaci\u00f3n, captura, visualizaci\u00f3n y an\u00e1lisis.<\/span><\/h4>\n<div><img loading=\"lazy\" decoding=\"async\" style=\"float: left; margin: 10px;\" src=\"https:\/\/implanmorelia.org\/virtual\/wp-content\/uploads\/2019\/05\/1app.png\" width=\"200\" height=\"200\" border=\"1\" \/><\/p>\n<h5 style=\"color: #676a6c;\" align=\"justify\">Plataforma con capacidad de enviar y recibir datos a trav\u00e9s de la comunicaci\u00f3n entre una aplicaci\u00f3n web y una aplicaci\u00f3n m\u00f3vil, para administrar y procesar los datos recolectados y mostrar informaci\u00f3n geogr\u00e1fica y estad\u00edstica.<\/h5>\n<\/div>\n<div><img loading=\"lazy\" decoding=\"async\" style=\"float: left; margin: 10px;\" src=\"https:\/\/implanmorelia.org\/virtual\/wp-content\/uploads\/2019\/05\/2app.png\" width=\"200\" height=\"200\" border=\"1\" \/><\/p>\n<h5 style=\"color: #676a6c;\" align=\"justify\">Ofrece la posibilidad de crear usuarios con diferentes privilegios y niveles de administraci\u00f3n con la finalidad de proteger los datos m\u00e1s sensibles y poder prevenir los diferentes problemas de privacidad de la informaci\u00f3n.<\/h5>\n<\/div>\n<div><img loading=\"lazy\" decoding=\"async\" style=\"float: left; margin: 10px;\" src=\"https:\/\/implanmorelia.org\/virtual\/wp-content\/uploads\/2019\/05\/3app.png\" width=\"200\" height=\"200\" border=\"1\" \/><\/p>\n<h5 style=\"color: #676a6c;\" align=\"justify\">Permite crear, editar, eliminar y asignar formularios din\u00e1micos con base a las necesidades del usuario y enviarlo para su captura en las diferentes categor\u00edas (temas de inter\u00e9s).<\/h5>\n<\/div>\n<div><img loading=\"lazy\" decoding=\"async\" style=\"float: left; margin: 10px;\" src=\"https:\/\/implanmorelia.org\/virtual\/wp-content\/uploads\/2019\/05\/4app_1.png\" width=\"200\" height=\"200\" border=\"1\" \/><\/p>\n<h5 style=\"color: #676a6c;\" align=\"justify\">Cuenta con mapas base los cuales muestran la localizaci\u00f3n y detalles de los diferentes registros generados por los usuarios y hace m\u00e1s interactiva la visualizaci\u00f3n de informaci\u00f3n.<\/h5>\n<\/div>\n<div><img loading=\"lazy\" decoding=\"async\" style=\"float: left; margin: 10px;\" src=\"https:\/\/implanmorelia.org\/virtual\/wp-content\/uploads\/2019\/05\/5app.png\" width=\"200\" height=\"200\" border=\"1\" \/><\/p>\n<h5 style=\"color: #676a6c;\" align=\"justify\">Los registros generados en la plataforma tienen la opci\u00f3n de incluir tu ubicaci\u00f3n en tiempo real o a\u00f1adir un punto en espec\u00edfico dependiendo el tipo de proyecto en el que se trabaje.<\/h5>\n<\/div>\n<div><img loading=\"lazy\" decoding=\"async\" style=\"float: left; margin: 10px;\" src=\"https:\/\/implanmorelia.org\/virtual\/wp-content\/uploads\/2019\/05\/6app.png\" width=\"200\" height=\"200\" border=\"1\" \/><\/p>\n<h5 style=\"color: #676a6c;\" align=\"justify\">La informaci\u00f3n en la plataforma es representada de diferentes formas como pueden ser: graficas, clustering maps, puntos y diversos tipos de documentos, tomando en cuenta los privilegios y el nivel de cada usuario antes de acceder.<\/h5>\n<\/div>\n<\/div>\n","protected":false},"excerpt":{"rendered":"<p>El Instituto Municipal de Planeaci\u00f3n de Morelia desarroll\u00f3 una primera versi\u00f3n de la plataforma de uso libre denominada MappMorelia, mediante la cual es posible recolectar y mapear datos con un dispositivo","protected":false},"author":1,"featured_media":0,"parent":0,"menu_order":0,"comment_status":"closed","ping_status":"closed","template":"","meta":{"_acf_changed":false,"inline_featured_image":false,"footnotes":""},"class_list":["post-1257","page","type-page","status-publish","hentry"],"acf":[],"yoast_head":"<!-- This site is optimized with the Yoast SEO plugin v24.2 - https:\/\/yoast.com\/wordpress\/plugins\/seo\/ -->\n<title>Mapp Morelia - IMPLAN Morelia<\/title>\n<meta name=\"robots\" content=\"index, follow, max-snippet:-1, max-image-preview:large, max-video-preview:-1\" \/>\n<link rel=\"canonical\" href=\"https:\/\/implanmorelia.org\/site\/mapp-morelia\/\" \/>\n<meta property=\"og:locale\" content=\"es_MX\" \/>\n<meta property=\"og:type\" content=\"article\" \/>\n<meta property=\"og:title\" content=\"Mapp Morelia - IMPLAN Morelia\" \/>\n<meta property=\"og:description\" content=\"El Instituto Municipal de Planeaci\u00f3n de Morelia desarroll\u00f3 una primera versi\u00f3n de la plataforma de uso libre denominada MappMorelia, mediante la cual es posible recolectar y mapear datos con un dispositivo m\u00f3vil desde cualquier lugar a partir de la creaci\u00f3n de formularios din\u00e1micos. Adem\u00e1s, esta herramienta puede generar, publicar y descargar informaci\u00f3n geogr\u00e1fica y estad\u00edstica [&hellip;]\" \/>\n<meta property=\"og:url\" content=\"https:\/\/implanmorelia.org\/site\/mapp-morelia\/\" \/>\n<meta property=\"og:site_name\" content=\"IMPLAN Morelia\" \/>\n<meta property=\"article:publisher\" content=\"https:\/\/www.facebook.com\/IMPLANmorelia\/\" \/>\n<meta property=\"article:modified_time\" content=\"2021-08-25T01:39:37+00:00\" \/>\n<meta property=\"og:image\" content=\"https:\/\/implanmorelia.org\/virtual\/wp-content\/uploads\/2019\/05\/1app.png\" \/>\n<meta name=\"twitter:card\" content=\"summary_large_image\" \/>\n<meta name=\"twitter:site\" content=\"@implanmorelia\" \/>\n<meta name=\"twitter:label1\" content=\"Tiempo de lectura\" \/>\n\t<meta name=\"twitter:data1\" content=\"2 minutos\" \/>\n<script type=\"application\/ld+json\" class=\"yoast-schema-graph\">{\"@context\":\"https:\/\/schema.org\",\"@graph\":[{\"@type\":\"WebPage\",\"@id\":\"https:\/\/implanmorelia.org\/site\/mapp-morelia\/\",\"url\":\"https:\/\/implanmorelia.org\/site\/mapp-morelia\/\",\"name\":\"Mapp Morelia - IMPLAN Morelia\",\"isPartOf\":{\"@id\":\"https:\/\/implanmorelia.org\/site\/#website\"},\"primaryImageOfPage\":{\"@id\":\"https:\/\/implanmorelia.org\/site\/mapp-morelia\/#primaryimage\"},\"image\":{\"@id\":\"https:\/\/implanmorelia.org\/site\/mapp-morelia\/#primaryimage\"},\"thumbnailUrl\":\"https:\/\/implanmorelia.org\/virtual\/wp-content\/uploads\/2019\/05\/1app.png\",\"datePublished\":\"2021-08-14T17:23:36+00:00\",\"dateModified\":\"2021-08-25T01:39:37+00:00\",\"breadcrumb\":{\"@id\":\"https:\/\/implanmorelia.org\/site\/mapp-morelia\/#breadcrumb\"},\"inLanguage\":\"es\",\"potentialAction\":[{\"@type\":\"ReadAction\",\"target\":[\"https:\/\/implanmorelia.org\/site\/mapp-morelia\/\"]}]},{\"@type\":\"ImageObject\",\"inLanguage\":\"es\",\"@id\":\"https:\/\/implanmorelia.org\/site\/mapp-morelia\/#primaryimage\",\"url\":\"https:\/\/implanmorelia.org\/virtual\/wp-content\/uploads\/2019\/05\/1app.png\",\"contentUrl\":\"https:\/\/implanmorelia.org\/virtual\/wp-content\/uploads\/2019\/05\/1app.png\"},{\"@type\":\"BreadcrumbList\",\"@id\":\"https:\/\/implanmorelia.org\/site\/mapp-morelia\/#breadcrumb\",\"itemListElement\":[{\"@type\":\"ListItem\",\"position\":1,\"name\":\"Inicio\",\"item\":\"https:\/\/implanmorelia.org\/site\/\"},{\"@type\":\"ListItem\",\"position\":2,\"name\":\"Mapp Morelia\"}]},{\"@type\":\"WebSite\",\"@id\":\"https:\/\/implanmorelia.org\/site\/#website\",\"url\":\"https:\/\/implanmorelia.org\/site\/\",\"name\":\"IMPLAN Morelia\",\"description\":\"Instituto Municipal de Planeci\u00f3n Morelia\",\"publisher\":{\"@id\":\"https:\/\/implanmorelia.org\/site\/#organization\"},\"potentialAction\":[{\"@type\":\"SearchAction\",\"target\":{\"@type\":\"EntryPoint\",\"urlTemplate\":\"https:\/\/implanmorelia.org\/site\/?s={search_term_string}\"},\"query-input\":{\"@type\":\"PropertyValueSpecification\",\"valueRequired\":true,\"valueName\":\"search_term_string\"}}],\"inLanguage\":\"es\"},{\"@type\":\"Organization\",\"@id\":\"https:\/\/implanmorelia.org\/site\/#organization\",\"name\":\"Instituto Municipal de Planeaci\u00f3n Morelia\",\"url\":\"https:\/\/implanmorelia.org\/site\/\",\"logo\":{\"@type\":\"ImageObject\",\"inLanguage\":\"es\",\"@id\":\"https:\/\/implanmorelia.org\/site\/#\/schema\/logo\/image\/\",\"url\":\"https:\/\/implanmorelia.org\/site\/wp-content\/uploads\/2020\/03\/IMPLAN-color.png\",\"contentUrl\":\"https:\/\/implanmorelia.org\/site\/wp-content\/uploads\/2020\/03\/IMPLAN-color.png\",\"width\":719,\"height\":381,\"caption\":\"Instituto Municipal de Planeaci\u00f3n Morelia\"},\"image\":{\"@id\":\"https:\/\/implanmorelia.org\/site\/#\/schema\/logo\/image\/\"},\"sameAs\":[\"https:\/\/www.facebook.com\/IMPLANmorelia\/\",\"https:\/\/x.com\/implanmorelia\",\"https:\/\/www.youtube.com\/channel\/UCfGOm_ex__MURcsr5L5JAwQ\"]}]}<\/script>\n<!-- \/ Yoast SEO plugin. -->","yoast_head_json":{"title":"Mapp Morelia - IMPLAN Morelia","robots":{"index":"index","follow":"follow","max-snippet":"max-snippet:-1","max-image-preview":"max-image-preview:large","max-video-preview":"max-video-preview:-1"},"canonical":"https:\/\/implanmorelia.org\/site\/mapp-morelia\/","og_locale":"es_MX","og_type":"article","og_title":"Mapp Morelia - IMPLAN Morelia","og_description":"El Instituto Municipal de Planeaci\u00f3n de Morelia desarroll\u00f3 una primera versi\u00f3n de la plataforma de uso libre denominada MappMorelia, mediante la cual es posible recolectar y mapear datos con un dispositivo m\u00f3vil desde cualquier lugar a partir de la creaci\u00f3n de formularios din\u00e1micos. Adem\u00e1s, esta herramienta puede generar, publicar y descargar informaci\u00f3n geogr\u00e1fica y estad\u00edstica [&hellip;]","og_url":"https:\/\/implanmorelia.org\/site\/mapp-morelia\/","og_site_name":"IMPLAN Morelia","article_publisher":"https:\/\/www.facebook.com\/IMPLANmorelia\/","article_modified_time":"2021-08-25T01:39:37+00:00","og_image":[{"url":"https:\/\/implanmorelia.org\/virtual\/wp-content\/uploads\/2019\/05\/1app.png","type":"","width":"","height":""}],"twitter_card":"summary_large_image","twitter_site":"@implanmorelia","twitter_misc":{"Tiempo de lectura":"2 minutos"},"schema":{"@context":"https:\/\/schema.org","@graph":[{"@type":"WebPage","@id":"https:\/\/implanmorelia.org\/site\/mapp-morelia\/","url":"https:\/\/implanmorelia.org\/site\/mapp-morelia\/","name":"Mapp Morelia - IMPLAN Morelia","isPartOf":{"@id":"https:\/\/implanmorelia.org\/site\/#website"},"primaryImageOfPage":{"@id":"https:\/\/implanmorelia.org\/site\/mapp-morelia\/#primaryimage"},"image":{"@id":"https:\/\/implanmorelia.org\/site\/mapp-morelia\/#primaryimage"},"thumbnailUrl":"https:\/\/implanmorelia.org\/virtual\/wp-content\/uploads\/2019\/05\/1app.png","datePublished":"2021-08-14T17:23:36+00:00","dateModified":"2021-08-25T01:39:37+00:00","breadcrumb":{"@id":"https:\/\/implanmorelia.org\/site\/mapp-morelia\/#breadcrumb"},"inLanguage":"es","potentialAction":[{"@type":"ReadAction","target":["https:\/\/implanmorelia.org\/site\/mapp-morelia\/"]}]},{"@type":"ImageObject","inLanguage":"es","@id":"https:\/\/implanmorelia.org\/site\/mapp-morelia\/#primaryimage","url":"https:\/\/implanmorelia.org\/virtual\/wp-content\/uploads\/2019\/05\/1app.png","contentUrl":"https:\/\/implanmorelia.org\/virtual\/wp-content\/uploads\/2019\/05\/1app.png"},{"@type":"BreadcrumbList","@id":"https:\/\/implanmorelia.org\/site\/mapp-morelia\/#breadcrumb","itemListElement":[{"@type":"ListItem","position":1,"name":"Inicio","item":"https:\/\/implanmorelia.org\/site\/"},{"@type":"ListItem","position":2,"name":"Mapp Morelia"}]},{"@type":"WebSite","@id":"https:\/\/implanmorelia.org\/site\/#website","url":"https:\/\/implanmorelia.org\/site\/","name":"IMPLAN Morelia","description":"Instituto Municipal de Planeci\u00f3n Morelia","publisher":{"@id":"https:\/\/implanmorelia.org\/site\/#organization"},"potentialAction":[{"@type":"SearchAction","target":{"@type":"EntryPoint","urlTemplate":"https:\/\/implanmorelia.org\/site\/?s={search_term_string}"},"query-input":{"@type":"PropertyValueSpecification","valueRequired":true,"valueName":"search_term_string"}}],"inLanguage":"es"},{"@type":"Organization","@id":"https:\/\/implanmorelia.org\/site\/#organization","name":"Instituto Municipal de Planeaci\u00f3n Morelia","url":"https:\/\/implanmorelia.org\/site\/","logo":{"@type":"ImageObject","inLanguage":"es","@id":"https:\/\/implanmorelia.org\/site\/#\/schema\/logo\/image\/","url":"https:\/\/implanmorelia.org\/site\/wp-content\/uploads\/2020\/03\/IMPLAN-color.png","contentUrl":"https:\/\/implanmorelia.org\/site\/wp-content\/uploads\/2020\/03\/IMPLAN-color.png","width":719,"height":381,"caption":"Instituto Municipal de Planeaci\u00f3n Morelia"},"image":{"@id":"https:\/\/implanmorelia.org\/site\/#\/schema\/logo\/image\/"},"sameAs":["https:\/\/www.facebook.com\/IMPLANmorelia\/","https:\/\/x.com\/implanmorelia","https:\/\/www.youtube.com\/channel\/UCfGOm_ex__MURcsr5L5JAwQ"]}]}},"_links":{"self":[{"href":"https:\/\/implanmorelia.org\/site\/wp-json\/wp\/v2\/pages\/1257","targetHints":{"allow":["GET"]}}],"collection":[{"href":"https:\/\/implanmorelia.org\/site\/wp-json\/wp\/v2\/pages"}],"about":[{"href":"https:\/\/implanmorelia.org\/site\/wp-json\/wp\/v2\/types\/page"}],"author":[{"embeddable":true,"href":"https:\/\/implanmorelia.org\/site\/wp-json\/wp\/v2\/users\/1"}],"replies":[{"embeddable":true,"href":"https:\/\/implanmorelia.org\/site\/wp-json\/wp\/v2\/comments?post=1257"}],"version-history":[{"count":5,"href":"https:\/\/implanmorelia.org\/site\/wp-json\/wp\/v2\/pages\/1257\/revisions"}],"predecessor-version":[{"id":1367,"href":"https:\/\/implanmorelia.org\/site\/wp-json\/wp\/v2\/pages\/1257\/revisions\/1367"}],"wp:attachment":[{"href":"https:\/\/implanmorelia.org\/site\/wp-json\/wp\/v2\/media?parent=1257"}],"curies":[{"name":"wp","href":"https:\/\/api.w.org\/{rel}","templated":true}]}}