{"id":7345,"date":"2023-10-05T19:57:27","date_gmt":"2023-10-05T19:57:27","guid":{"rendered":"https:\/\/implanmorelia.org\/site\/?page_id=7345"},"modified":"2025-05-14T22:08:33","modified_gmt":"2025-05-14T22:08:33","slug":"instrumentos-historicos","status":"publish","type":"page","link":"https:\/\/implanmorelia.org\/site\/instrumentos-historicos\/","title":{"rendered":"Instrumentos Hist\u00f3ricos"},"content":{"rendered":"\n<p class=\"has-text-align-left has-normal-font-size\">En este apartado podr\u00e1s consultar y descargar instrumentos hist\u00f3ricos <strong>no vigentes<\/strong> correspondientes al municipio de Morelia.<\/p>\n\n\n<style>.wp-block-kadence-spacer.kt-block-spacer-_f55e7b-da .kt-block-spacer{height:20px;}.wp-block-kadence-spacer.kt-block-spacer-_f55e7b-da .kt-divider{border-top-width:1px;height:1px;border-top-color:#eee;width:80%;border-top-style:solid;}<\/style>\n<div class=\"wp-block-kadence-spacer aligncenter kt-block-spacer-_f55e7b-da\"><div class=\"kt-block-spacer kt-block-spacer-halign-center\" style=\"height:20px\"><hr class=\"kt-divider\" style=\"border-top-color:rgba(238, 238, 238, 1);border-top-width:1px;width:0%;border-top-style:solid\"\/><\/div><\/div>\n\n\n\n<div class=\"wp-block-columns is-layout-flex wp-container-core-columns-is-layout-9d6595d7 wp-block-columns-is-layout-flex\">\n<div class=\"wp-block-column is-layout-flow wp-block-column-is-layout-flow\">\n<figure class=\"wp-block-image size-large\"><a href=\"https:\/\/implanmorelia.org\/site\/ipppduznm\/\" target=\"_blank\" rel=\"noreferrer noopener\"><img loading=\"lazy\" decoding=\"async\" width=\"312\" height=\"302\" src=\"https:\/\/implanmorelia.org\/site\/wp-content\/uploads\/2023\/10\/IH_PPZN.png\" alt=\"\" class=\"wp-image-7348\" srcset=\"https:\/\/implanmorelia.org\/site\/wp-content\/uploads\/2023\/10\/IH_PPZN.png 312w, https:\/\/implanmorelia.org\/site\/wp-content\/uploads\/2023\/10\/IH_PPZN-300x290.png 300w\" sizes=\"auto, (max-width: 312px) 100vw, 312px\" \/><\/a><\/figure>\n<\/div>\n\n\n\n<div class=\"wp-block-column is-layout-flow wp-block-column-is-layout-flow\">\n<figure class=\"wp-block-image size-large\"><a href=\"https:\/\/implanmorelia.org\/site\/ipppduzom\/\" target=\"_blank\" rel=\"noreferrer noopener\"><img loading=\"lazy\" decoding=\"async\" width=\"310\" height=\"300\" src=\"https:\/\/implanmorelia.org\/site\/wp-content\/uploads\/2023\/10\/IH_PPZO.png\" alt=\"\" class=\"wp-image-7349\" srcset=\"https:\/\/implanmorelia.org\/site\/wp-content\/uploads\/2023\/10\/IH_PPZO.png 310w, https:\/\/implanmorelia.org\/site\/wp-content\/uploads\/2023\/10\/IH_PPZO-300x290.png 300w\" sizes=\"auto, (max-width: 310px) 100vw, 310px\" \/><\/a><\/figure>\n<\/div>\n\n\n\n<div class=\"wp-block-column is-layout-flow wp-block-column-is-layout-flow\">\n<figure class=\"wp-block-image size-large\"><a href=\"https:\/\/implanmorelia.org\/site\/ipppduzpm\/\" target=\"_blank\" rel=\"noreferrer noopener\"><img loading=\"lazy\" decoding=\"async\" width=\"309\" height=\"300\" src=\"https:\/\/implanmorelia.org\/site\/wp-content\/uploads\/2023\/10\/IH_PPZP.png\" alt=\"\" class=\"wp-image-7350\" srcset=\"https:\/\/implanmorelia.org\/site\/wp-content\/uploads\/2023\/10\/IH_PPZP.png 309w, https:\/\/implanmorelia.org\/site\/wp-content\/uploads\/2023\/10\/IH_PPZP-300x291.png 300w\" sizes=\"auto, (max-width: 309px) 100vw, 309px\" \/><\/a><\/figure>\n<\/div>\n<\/div>\n\n\n\n<div class=\"wp-block-columns is-layout-flex wp-container-core-columns-is-layout-9d6595d7 wp-block-columns-is-layout-flex\">\n<div class=\"wp-block-column is-layout-flow wp-block-column-is-layout-flow\">\n<figure class=\"wp-block-image size-large\"><a href=\"https:\/\/implanmorelia.org\/site\/ppduch2001m\/\" target=\"_blank\" rel=\"noreferrer noopener\"><img loading=\"lazy\" decoding=\"async\" width=\"308\" height=\"297\" src=\"https:\/\/implanmorelia.org\/site\/wp-content\/uploads\/2023\/10\/IH_PPCH.png\" alt=\"\" class=\"wp-image-7351\" srcset=\"https:\/\/implanmorelia.org\/site\/wp-content\/uploads\/2023\/10\/IH_PPCH.png 308w, https:\/\/implanmorelia.org\/site\/wp-content\/uploads\/2023\/10\/IH_PPCH-300x289.png 300w\" sizes=\"auto, (max-width: 308px) 100vw, 308px\" \/><\/a><\/figure>\n<\/div>\n\n\n\n<div class=\"wp-block-column is-layout-flow wp-block-column-is-layout-flow\">\n<figure class=\"wp-block-image size-large\"><a href=\"https:\/\/implanmorelia.org\/site\/pducpm2010\/\" target=\"_blank\" rel=\"noreferrer noopener\"><img loading=\"lazy\" decoding=\"async\" width=\"307\" height=\"299\" src=\"https:\/\/implanmorelia.org\/site\/wp-content\/uploads\/2023\/10\/IH_PPCP.png\" alt=\"\" class=\"wp-image-7352\" srcset=\"https:\/\/implanmorelia.org\/site\/wp-content\/uploads\/2023\/10\/IH_PPCP.png 307w, https:\/\/implanmorelia.org\/site\/wp-content\/uploads\/2023\/10\/IH_PPCP-300x292.png 300w\" sizes=\"auto, (max-width: 307px) 100vw, 307px\" \/><\/a><\/figure>\n<\/div>\n\n\n\n<div class=\"wp-block-column is-layout-flow wp-block-column-is-layout-flow\">\n<figure class=\"wp-block-image size-large\"><a href=\"https:\/\/implanmorelia.org\/site\/pmd-planeacion\/\" target=\"_blank\" rel=\"noreferrer noopener\"><img loading=\"lazy\" decoding=\"async\" width=\"311\" height=\"301\" src=\"https:\/\/implanmorelia.org\/site\/wp-content\/uploads\/2025\/05\/PMD20212024_HISTORICOF-01.png\" alt=\"\" class=\"wp-image-8347\" srcset=\"https:\/\/implanmorelia.org\/site\/wp-content\/uploads\/2025\/05\/PMD20212024_HISTORICOF-01.png 311w, https:\/\/implanmorelia.org\/site\/wp-content\/uploads\/2025\/05\/PMD20212024_HISTORICOF-01-300x290.png 300w\" sizes=\"auto, (max-width: 311px) 100vw, 311px\" \/><\/a><\/figure>\n<\/div>\n<\/div>\n\n\n\n<div class=\"wp-block-columns is-layout-flex wp-container-core-columns-is-layout-9d6595d7 wp-block-columns-is-layout-flex\">\n<div class=\"wp-block-column is-layout-flow wp-block-column-is-layout-flow\">\n<figure class=\"wp-block-image size-large\"><a href=\"https:\/\/implanmorelia.org\/site\/e-pedu-2010\/\" target=\"_blank\" rel=\"noreferrer noopener\"><img loading=\"lazy\" decoding=\"async\" width=\"311\" height=\"301\" src=\"https:\/\/implanmorelia.org\/site\/wp-content\/uploads\/2025\/05\/H_PEDU_2010-01.png\" alt=\"\" class=\"wp-image-8397\" srcset=\"https:\/\/implanmorelia.org\/site\/wp-content\/uploads\/2025\/05\/H_PEDU_2010-01.png 311w, https:\/\/implanmorelia.org\/site\/wp-content\/uploads\/2025\/05\/H_PEDU_2010-01-300x290.png 300w\" sizes=\"auto, (max-width: 311px) 100vw, 311px\" \/><\/a><\/figure>\n<\/div>\n\n\n\n<div class=\"wp-block-column is-layout-flow wp-block-column-is-layout-flow\">\n<figure class=\"wp-block-image size-large\"><a href=\"https:\/\/implanmorelia.org\/site\/atlas-de-riesgos-geologicos-morelia-2011\/\" target=\"_blank\" rel=\"noreferrer noopener\"><img loading=\"lazy\" decoding=\"async\" width=\"311\" height=\"301\" src=\"https:\/\/implanmorelia.org\/site\/wp-content\/uploads\/2025\/05\/H_ATLAS_RIESGOS_2011-01.png\" alt=\"\" class=\"wp-image-8398\" srcset=\"https:\/\/implanmorelia.org\/site\/wp-content\/uploads\/2025\/05\/H_ATLAS_RIESGOS_2011-01.png 311w, https:\/\/implanmorelia.org\/site\/wp-content\/uploads\/2025\/05\/H_ATLAS_RIESGOS_2011-01-300x290.png 300w\" sizes=\"auto, (max-width: 311px) 100vw, 311px\" \/><\/a><\/figure>\n<\/div>\n\n\n\n<div class=\"wp-block-column is-layout-flow wp-block-column-is-layout-flow\"><\/div>\n<\/div>\n\n\n<style>.wp-block-kadence-spacer.kt-block-spacer-_020222-56 .kt-block-spacer{height:100px;}.wp-block-kadence-spacer.kt-block-spacer-_020222-56 .kt-divider{border-top-width:1px;height:1px;border-top-color:#eee;width:80%;border-top-style:solid;}<\/style>\n<div class=\"wp-block-kadence-spacer aligncenter kt-block-spacer-_020222-56\"><div class=\"kt-block-spacer kt-block-spacer-halign-center\" style=\"height:100px\"><hr class=\"kt-divider\" style=\"border-top-color:rgba(238, 238, 238, 1);border-top-width:1px;width:80%;border-top-style:solid\"\/><\/div><\/div>\n","protected":false},"excerpt":{"rendered":"<p>En este apartado podr\u00e1s consultar y descargar instrumentos hist\u00f3ricos no vigentes correspondientes al municipio de Morelia.<\/p>\n","protected":false},"author":1,"featured_media":0,"parent":0,"menu_order":0,"comment_status":"closed","ping_status":"closed","template":"","meta":{"_acf_changed":false,"inline_featured_image":false,"footnotes":""},"class_list":["post-7345","page","type-page","status-publish","hentry"],"acf":[],"yoast_head":"<!-- This site is optimized with the Yoast SEO plugin v24.2 - https:\/\/yoast.com\/wordpress\/plugins\/seo\/ -->\n<title>Instrumentos Hist\u00f3ricos - IMPLAN Morelia<\/title>\n<meta name=\"robots\" content=\"index, follow, max-snippet:-1, max-image-preview:large, max-video-preview:-1\" \/>\n<link rel=\"canonical\" href=\"https:\/\/implanmorelia.org\/site\/instrumentos-historicos\/\" \/>\n<meta property=\"og:locale\" content=\"es_MX\" \/>\n<meta property=\"og:type\" content=\"article\" \/>\n<meta property=\"og:title\" content=\"Instrumentos Hist\u00f3ricos - IMPLAN Morelia\" \/>\n<meta property=\"og:description\" content=\"En este apartado podr\u00e1s consultar y descargar instrumentos hist\u00f3ricos no vigentes correspondientes al municipio de Morelia.\" \/>\n<meta property=\"og:url\" content=\"https:\/\/implanmorelia.org\/site\/instrumentos-historicos\/\" \/>\n<meta property=\"og:site_name\" content=\"IMPLAN Morelia\" \/>\n<meta property=\"article:publisher\" content=\"https:\/\/www.facebook.com\/IMPLANmorelia\/\" \/>\n<meta property=\"article:modified_time\" content=\"2025-05-14T22:08:33+00:00\" \/>\n<meta property=\"og:image\" content=\"https:\/\/implanmorelia.org\/site\/wp-content\/uploads\/2023\/10\/IH_PPZN.png\" \/>\n\t<meta property=\"og:image:width\" content=\"312\" \/>\n\t<meta property=\"og:image:height\" content=\"302\" \/>\n\t<meta property=\"og:image:type\" content=\"image\/png\" \/>\n<meta name=\"twitter:card\" content=\"summary_large_image\" \/>\n<meta name=\"twitter:site\" content=\"@implanmorelia\" \/>\n<script type=\"application\/ld+json\" class=\"yoast-schema-graph\">{\"@context\":\"https:\/\/schema.org\",\"@graph\":[{\"@type\":\"WebPage\",\"@id\":\"https:\/\/implanmorelia.org\/site\/instrumentos-historicos\/\",\"url\":\"https:\/\/implanmorelia.org\/site\/instrumentos-historicos\/\",\"name\":\"Instrumentos Hist\u00f3ricos - IMPLAN Morelia\",\"isPartOf\":{\"@id\":\"https:\/\/implanmorelia.org\/site\/#website\"},\"primaryImageOfPage\":{\"@id\":\"https:\/\/implanmorelia.org\/site\/instrumentos-historicos\/#primaryimage\"},\"image\":{\"@id\":\"https:\/\/implanmorelia.org\/site\/instrumentos-historicos\/#primaryimage\"},\"thumbnailUrl\":\"https:\/\/implanmorelia.org\/site\/wp-content\/uploads\/2023\/10\/IH_PPZN.png\",\"datePublished\":\"2023-10-05T19:57:27+00:00\",\"dateModified\":\"2025-05-14T22:08:33+00:00\",\"breadcrumb\":{\"@id\":\"https:\/\/implanmorelia.org\/site\/instrumentos-historicos\/#breadcrumb\"},\"inLanguage\":\"es\",\"potentialAction\":[{\"@type\":\"ReadAction\",\"target\":[\"https:\/\/implanmorelia.org\/site\/instrumentos-historicos\/\"]}]},{\"@type\":\"ImageObject\",\"inLanguage\":\"es\",\"@id\":\"https:\/\/implanmorelia.org\/site\/instrumentos-historicos\/#primaryimage\",\"url\":\"https:\/\/implanmorelia.org\/site\/wp-content\/uploads\/2023\/10\/IH_PPZN.png\",\"contentUrl\":\"https:\/\/implanmorelia.org\/site\/wp-content\/uploads\/2023\/10\/IH_PPZN.png\",\"width\":312,\"height\":302},{\"@type\":\"BreadcrumbList\",\"@id\":\"https:\/\/implanmorelia.org\/site\/instrumentos-historicos\/#breadcrumb\",\"itemListElement\":[{\"@type\":\"ListItem\",\"position\":1,\"name\":\"Inicio\",\"item\":\"https:\/\/implanmorelia.org\/site\/\"},{\"@type\":\"ListItem\",\"position\":2,\"name\":\"Instrumentos Hist\u00f3ricos\"}]},{\"@type\":\"WebSite\",\"@id\":\"https:\/\/implanmorelia.org\/site\/#website\",\"url\":\"https:\/\/implanmorelia.org\/site\/\",\"name\":\"IMPLAN Morelia\",\"description\":\"Instituto Municipal de Planeci\u00f3n Morelia\",\"publisher\":{\"@id\":\"https:\/\/implanmorelia.org\/site\/#organization\"},\"potentialAction\":[{\"@type\":\"SearchAction\",\"target\":{\"@type\":\"EntryPoint\",\"urlTemplate\":\"https:\/\/implanmorelia.org\/site\/?s={search_term_string}\"},\"query-input\":{\"@type\":\"PropertyValueSpecification\",\"valueRequired\":true,\"valueName\":\"search_term_string\"}}],\"inLanguage\":\"es\"},{\"@type\":\"Organization\",\"@id\":\"https:\/\/implanmorelia.org\/site\/#organization\",\"name\":\"Instituto Municipal de Planeaci\u00f3n Morelia\",\"url\":\"https:\/\/implanmorelia.org\/site\/\",\"logo\":{\"@type\":\"ImageObject\",\"inLanguage\":\"es\",\"@id\":\"https:\/\/implanmorelia.org\/site\/#\/schema\/logo\/image\/\",\"url\":\"https:\/\/implanmorelia.org\/site\/wp-content\/uploads\/2020\/03\/IMPLAN-color.png\",\"contentUrl\":\"https:\/\/implanmorelia.org\/site\/wp-content\/uploads\/2020\/03\/IMPLAN-color.png\",\"width\":719,\"height\":381,\"caption\":\"Instituto Municipal de Planeaci\u00f3n Morelia\"},\"image\":{\"@id\":\"https:\/\/implanmorelia.org\/site\/#\/schema\/logo\/image\/\"},\"sameAs\":[\"https:\/\/www.facebook.com\/IMPLANmorelia\/\",\"https:\/\/x.com\/implanmorelia\",\"https:\/\/www.youtube.com\/channel\/UCfGOm_ex__MURcsr5L5JAwQ\"]}]}<\/script>\n<!-- \/ Yoast SEO plugin. -->","yoast_head_json":{"title":"Instrumentos Hist\u00f3ricos - IMPLAN Morelia","robots":{"index":"index","follow":"follow","max-snippet":"max-snippet:-1","max-image-preview":"max-image-preview:large","max-video-preview":"max-video-preview:-1"},"canonical":"https:\/\/implanmorelia.org\/site\/instrumentos-historicos\/","og_locale":"es_MX","og_type":"article","og_title":"Instrumentos Hist\u00f3ricos - IMPLAN Morelia","og_description":"En este apartado podr\u00e1s consultar y descargar instrumentos hist\u00f3ricos no vigentes correspondientes al municipio de Morelia.","og_url":"https:\/\/implanmorelia.org\/site\/instrumentos-historicos\/","og_site_name":"IMPLAN Morelia","article_publisher":"https:\/\/www.facebook.com\/IMPLANmorelia\/","article_modified_time":"2025-05-14T22:08:33+00:00","og_image":[{"width":312,"height":302,"url":"https:\/\/implanmorelia.org\/site\/wp-content\/uploads\/2023\/10\/IH_PPZN.png","type":"image\/png"}],"twitter_card":"summary_large_image","twitter_site":"@implanmorelia","schema":{"@context":"https:\/\/schema.org","@graph":[{"@type":"WebPage","@id":"https:\/\/implanmorelia.org\/site\/instrumentos-historicos\/","url":"https:\/\/implanmorelia.org\/site\/instrumentos-historicos\/","name":"Instrumentos Hist\u00f3ricos - IMPLAN Morelia","isPartOf":{"@id":"https:\/\/implanmorelia.org\/site\/#website"},"primaryImageOfPage":{"@id":"https:\/\/implanmorelia.org\/site\/instrumentos-historicos\/#primaryimage"},"image":{"@id":"https:\/\/implanmorelia.org\/site\/instrumentos-historicos\/#primaryimage"},"thumbnailUrl":"https:\/\/implanmorelia.org\/site\/wp-content\/uploads\/2023\/10\/IH_PPZN.png","datePublished":"2023-10-05T19:57:27+00:00","dateModified":"2025-05-14T22:08:33+00:00","breadcrumb":{"@id":"https:\/\/implanmorelia.org\/site\/instrumentos-historicos\/#breadcrumb"},"inLanguage":"es","potentialAction":[{"@type":"ReadAction","target":["https:\/\/implanmorelia.org\/site\/instrumentos-historicos\/"]}]},{"@type":"ImageObject","inLanguage":"es","@id":"https:\/\/implanmorelia.org\/site\/instrumentos-historicos\/#primaryimage","url":"https:\/\/implanmorelia.org\/site\/wp-content\/uploads\/2023\/10\/IH_PPZN.png","contentUrl":"https:\/\/implanmorelia.org\/site\/wp-content\/uploads\/2023\/10\/IH_PPZN.png","width":312,"height":302},{"@type":"BreadcrumbList","@id":"https:\/\/implanmorelia.org\/site\/instrumentos-historicos\/#breadcrumb","itemListElement":[{"@type":"ListItem","position":1,"name":"Inicio","item":"https:\/\/implanmorelia.org\/site\/"},{"@type":"ListItem","position":2,"name":"Instrumentos Hist\u00f3ricos"}]},{"@type":"WebSite","@id":"https:\/\/implanmorelia.org\/site\/#website","url":"https:\/\/implanmorelia.org\/site\/","name":"IMPLAN Morelia","description":"Instituto Municipal de Planeci\u00f3n Morelia","publisher":{"@id":"https:\/\/implanmorelia.org\/site\/#organization"},"potentialAction":[{"@type":"SearchAction","target":{"@type":"EntryPoint","urlTemplate":"https:\/\/implanmorelia.org\/site\/?s={search_term_string}"},"query-input":{"@type":"PropertyValueSpecification","valueRequired":true,"valueName":"search_term_string"}}],"inLanguage":"es"},{"@type":"Organization","@id":"https:\/\/implanmorelia.org\/site\/#organization","name":"Instituto Municipal de Planeaci\u00f3n Morelia","url":"https:\/\/implanmorelia.org\/site\/","logo":{"@type":"ImageObject","inLanguage":"es","@id":"https:\/\/implanmorelia.org\/site\/#\/schema\/logo\/image\/","url":"https:\/\/implanmorelia.org\/site\/wp-content\/uploads\/2020\/03\/IMPLAN-color.png","contentUrl":"https:\/\/implanmorelia.org\/site\/wp-content\/uploads\/2020\/03\/IMPLAN-color.png","width":719,"height":381,"caption":"Instituto Municipal de Planeaci\u00f3n Morelia"},"image":{"@id":"https:\/\/implanmorelia.org\/site\/#\/schema\/logo\/image\/"},"sameAs":["https:\/\/www.facebook.com\/IMPLANmorelia\/","https:\/\/x.com\/implanmorelia","https:\/\/www.youtube.com\/channel\/UCfGOm_ex__MURcsr5L5JAwQ"]}]}},"_links":{"self":[{"href":"https:\/\/implanmorelia.org\/site\/wp-json\/wp\/v2\/pages\/7345","targetHints":{"allow":["GET"]}}],"collection":[{"href":"https:\/\/implanmorelia.org\/site\/wp-json\/wp\/v2\/pages"}],"about":[{"href":"https:\/\/implanmorelia.org\/site\/wp-json\/wp\/v2\/types\/page"}],"author":[{"embeddable":true,"href":"https:\/\/implanmorelia.org\/site\/wp-json\/wp\/v2\/users\/1"}],"replies":[{"embeddable":true,"href":"https:\/\/implanmorelia.org\/site\/wp-json\/wp\/v2\/comments?post=7345"}],"version-history":[{"count":4,"href":"https:\/\/implanmorelia.org\/site\/wp-json\/wp\/v2\/pages\/7345\/revisions"}],"predecessor-version":[{"id":8399,"href":"https:\/\/implanmorelia.org\/site\/wp-json\/wp\/v2\/pages\/7345\/revisions\/8399"}],"wp:attachment":[{"href":"https:\/\/implanmorelia.org\/site\/wp-json\/wp\/v2\/media?parent=7345"}],"curies":[{"name":"wp","href":"https:\/\/api.w.org\/{rel}","templated":true}]}}