{"id":8515,"date":"2025-09-19T22:18:00","date_gmt":"2025-09-19T22:18:00","guid":{"rendered":"https:\/\/implanmorelia.org\/site\/?page_id=8515"},"modified":"2025-09-22T18:50:35","modified_gmt":"2025-09-22T18:50:35","slug":"consulta-publica-de-modificaciones-parciales-al-programa-municipal-de-desarrollo-urbano-pmdu-de-morelia-michoacan-de-ocampo-2022-2041-pmdu","status":"publish","type":"page","link":"https:\/\/implanmorelia.org\/site\/consulta-publica-de-modificaciones-parciales-al-programa-municipal-de-desarrollo-urbano-pmdu-de-morelia-michoacan-de-ocampo-2022-2041-pmdu\/","title":{"rendered":"Consulta P\u00fablica de Modificaciones Parciales al Programa Municipal de Desarrollo Urbano (PMDU) de Morelia, Michoac\u00e1n de Ocampo 2022 \u2013 2041 (PMDU)"},"content":{"rendered":"<style>.wp-block-kadence-spacer.kt-block-spacer-8515_79993b-ec .kt-block-spacer{height:20px;}.wp-block-kadence-spacer.kt-block-spacer-8515_79993b-ec .kt-divider{border-top-width:1px;height:1px;border-top-color:#eee;width:80%;border-top-style:solid;}<\/style>\n<div class=\"wp-block-kadence-spacer aligncenter kt-block-spacer-8515_79993b-ec\"><div class=\"kt-block-spacer kt-block-spacer-halign-center\"><hr class=\"kt-divider\"\/><\/div><\/div>\n\n\n\n<p> <strong>Modificaci\u00f3n A: <\/strong><\/p>\n\n\n\n<p class=\"has-normal-font-size\"><strong>A)<\/strong> Cambio de uso de suelo de predio r\u00fastico denominado La Cueva en la tenencia de Tac\u00edcuaro, perteneciente al Municipio de Morelia, Michoac\u00e1n de Ocampo, con una superficie total de 14-56-38 ha en los t\u00e9rminos siguientes: a un uso de suelo primario urbanizable, y un uso de suelo secundario predominante de Equipamiento.<\/p>\n\n\n<style>.wp-block-kadence-spacer.kt-block-spacer-8515_7e73fb-08 .kt-block-spacer{height:20px;}.wp-block-kadence-spacer.kt-block-spacer-8515_7e73fb-08 .kt-divider{border-top-width:1px;height:1px;border-top-color:#eee;width:80%;border-top-style:solid;}<\/style>\n<div class=\"wp-block-kadence-spacer aligncenter kt-block-spacer-8515_7e73fb-08\"><div class=\"kt-block-spacer kt-block-spacer-halign-center\"><hr class=\"kt-divider\"\/><\/div><\/div>\n\n\n\n<div class=\"wp-block-columns is-layout-flex wp-container-core-columns-is-layout-9d6595d7 wp-block-columns-is-layout-flex\">\n<div class=\"wp-block-column is-layout-flow wp-block-column-is-layout-flow\">\n<figure class=\"wp-block-image size-full\"><img decoding=\"async\" src=\"https:\/\/implanmorelia.org\/site\/wp-content\/uploads\/2025\/09\/A_ZONIFICACION_SECUNDARIA.jpg\" alt=\"\" class=\"wp-image-8525\"\/><figcaption class=\"wp-element-caption\">Estado Actual<\/figcaption><\/figure>\n<\/div>\n\n\n\n<div class=\"wp-block-column is-layout-flow wp-block-column-is-layout-flow\">\n<figure class=\"wp-block-image size-full\"><img decoding=\"async\" src=\"https:\/\/implanmorelia.org\/site\/wp-content\/uploads\/2025\/09\/A_MODIFICADO.jpg\" alt=\"\" class=\"wp-image-8522\"\/><figcaption class=\"wp-element-caption\">Propuesta de Modificaci\u00f3n<\/figcaption><\/figure>\n<\/div>\n\n\n\n<div class=\"wp-block-column is-layout-flow wp-block-column-is-layout-flow\">\n<figure class=\"wp-block-image size-full\"><img decoding=\"async\" src=\"https:\/\/implanmorelia.org\/site\/wp-content\/uploads\/2025\/09\/A_UBICACION.jpg\" alt=\"\" class=\"wp-image-8524\"\/><figcaption class=\"wp-element-caption\">Ubicaci\u00f3n<\/figcaption><\/figure>\n<\/div>\n<\/div>\n\n\n\n<div class=\"wp-block-file aligncenter\"><a id=\"wp-block-file--media-ce31baca-40c3-409c-a16b-8e0b5083f5eb\" href=\"https:\/\/implanmorelia.org\/site\/wp-content\/uploads\/2025\/09\/A_Estudio-Tecnico-Justificatico-Exp-05.pdf\">A_Estudio T\u00e9cnico Justificativo (Exp-05)<\/a><a href=\"https:\/\/implanmorelia.org\/site\/wp-content\/uploads\/2025\/09\/A_Estudio-Tecnico-Justificatico-Exp-05.pdf\" class=\"wp-block-file__button wp-element-button\" download aria-describedby=\"wp-block-file--media-ce31baca-40c3-409c-a16b-8e0b5083f5eb\">Descarga<\/a><\/div>\n\n\n\n<div class=\"wp-block-file aligncenter\"><a id=\"wp-block-file--media-ca62e676-01b7-4b48-acc8-2b608b593f8a\" href=\"https:\/\/implanmorelia.org\/site\/wp-content\/uploads\/2025\/09\/A_OT-MOD-IMPLAN-MOR-EXP01-2025_RED.pdf\">A_Opini\u00f3n T\u00e9cnica-IMPLAN-MOR-EXP01-2025_RED<\/a><a href=\"https:\/\/implanmorelia.org\/site\/wp-content\/uploads\/2025\/09\/A_OT-MOD-IMPLAN-MOR-EXP01-2025_RED.pdf\" class=\"wp-block-file__button wp-element-button\" download aria-describedby=\"wp-block-file--media-ca62e676-01b7-4b48-acc8-2b608b593f8a\">Descarga<\/a><\/div>\n\n\n<style>.wp-block-kadence-spacer.kt-block-spacer-8515_904570-e0 .kt-block-spacer{height:30px;}.wp-block-kadence-spacer.kt-block-spacer-8515_904570-e0 .kt-divider{border-top-width:1px;height:1px;border-top-color:#eee;width:80%;border-top-style:solid;}<\/style>\n<div class=\"wp-block-kadence-spacer aligncenter kt-block-spacer-8515_904570-e0\"><div class=\"kt-block-spacer kt-block-spacer-halign-center\"><hr class=\"kt-divider\"\/><\/div><\/div>\n\n\n\n<p> <strong>Modificaci\u00f3n B:  <\/strong><\/p>\n\n\n\n<p class=\"has-normal-font-size\"><strong>B)<\/strong> Cambio de uso de suelo primario y secundario predominante del predio urbano identificado como Lote 1, de la manzana 1, de la Zona 12, del poblado de San Jos\u00e9 del Cerrito, perteneciente al Municipio de Morelia, Michoac\u00e1n de Ocampo, con una superficie total de 5,933.205 m2, en los t\u00e9rminos siguientes: a un uso de suelo primario urbanizable con densidad media, y un uso de suelo secundario predominante Habitacional Mixto en Zona de Mejoramiento Integral (HM-MI).<\/p>\n\n\n<style>.wp-block-kadence-spacer.kt-block-spacer-8515_52b4fb-d2 .kt-block-spacer{height:20px;}.wp-block-kadence-spacer.kt-block-spacer-8515_52b4fb-d2 .kt-divider{border-top-width:1px;height:1px;border-top-color:#eee;width:80%;border-top-style:solid;}<\/style>\n<div class=\"wp-block-kadence-spacer aligncenter kt-block-spacer-8515_52b4fb-d2\"><div class=\"kt-block-spacer kt-block-spacer-halign-center\"><hr class=\"kt-divider\"\/><\/div><\/div>\n\n\n<style>.wp-block-kadence-spacer.kt-block-spacer-8515_cbf6fc-ff .kt-block-spacer{height:20px;}.wp-block-kadence-spacer.kt-block-spacer-8515_cbf6fc-ff .kt-divider{border-top-width:1px;height:1px;border-top-color:#eee;width:80%;border-top-style:solid;}<\/style>\n<div class=\"wp-block-kadence-spacer aligncenter kt-block-spacer-8515_cbf6fc-ff\"><div class=\"kt-block-spacer kt-block-spacer-halign-center\"><hr class=\"kt-divider\"\/><\/div><\/div>\n\n\n\n<div class=\"wp-block-columns is-layout-flex wp-container-core-columns-is-layout-9d6595d7 wp-block-columns-is-layout-flex\">\n<div class=\"wp-block-column is-layout-flow wp-block-column-is-layout-flow\">\n<figure class=\"wp-block-image size-full\"><img decoding=\"async\" src=\"https:\/\/implanmorelia.org\/site\/wp-content\/uploads\/2025\/09\/B_ZONIFICACION_SECUNDARIA_actual.jpg\" alt=\"\" class=\"wp-image-8530\"\/><figcaption class=\"wp-element-caption\">Estado Actual<\/figcaption><\/figure>\n<\/div>\n\n\n\n<div class=\"wp-block-column is-layout-flow wp-block-column-is-layout-flow\">\n<figure class=\"wp-block-image size-full\"><img decoding=\"async\" src=\"https:\/\/implanmorelia.org\/site\/wp-content\/uploads\/2025\/09\/B_ZONIFICACION_SECUNDARIA_modificado.jpg\" alt=\"\" class=\"wp-image-8531\"\/><figcaption class=\"wp-element-caption\">Propuesta de Modificaci\u00f3n<\/figcaption><\/figure>\n<\/div>\n\n\n\n<div class=\"wp-block-column is-layout-flow wp-block-column-is-layout-flow\">\n<figure class=\"wp-block-image size-full\"><img decoding=\"async\" src=\"https:\/\/implanmorelia.org\/site\/wp-content\/uploads\/2025\/09\/B_UBICACION.jpg\" alt=\"\" class=\"wp-image-8529\"\/><figcaption class=\"wp-element-caption\">Ubicaci\u00f3n<\/figcaption><\/figure>\n<\/div>\n<\/div>\n\n\n\n<div class=\"wp-block-file aligncenter\"><a id=\"wp-block-file--media-e81d78e8-e6ba-4b39-99fa-c9702908dec0\" href=\"https:\/\/implanmorelia.org\/site\/wp-content\/uploads\/2025\/09\/B_Estudio-Tecnico-Justificativo-Exp-05_RED.pdf\">B_Estudio T\u00e9cnico Justificativo (Exp-05)_RED<\/a><a href=\"https:\/\/implanmorelia.org\/site\/wp-content\/uploads\/2025\/09\/B_Estudio-Tecnico-Justificativo-Exp-05_RED.pdf\" class=\"wp-block-file__button wp-element-button\" download aria-describedby=\"wp-block-file--media-e81d78e8-e6ba-4b39-99fa-c9702908dec0\">Descarga<\/a><\/div>\n\n\n\n<div class=\"wp-block-file aligncenter\"><a id=\"wp-block-file--media-e707b5d1-4610-43fc-a79d-92e88f40ef43\" href=\"https:\/\/implanmorelia.org\/site\/wp-content\/uploads\/2025\/09\/B_4b_OT-MOD-EXP05-2025_CERRITO_JUL2025-1.pdf\">B_Opini\u00f3n T\u00e9cnica-MOD-EXP05-2025_CERRITO_JUL2025 <\/a><a href=\"https:\/\/implanmorelia.org\/site\/wp-content\/uploads\/2025\/09\/B_4b_OT-MOD-EXP05-2025_CERRITO_JUL2025-1.pdf\" class=\"wp-block-file__button wp-element-button\" download aria-describedby=\"wp-block-file--media-e707b5d1-4610-43fc-a79d-92e88f40ef43\">Descarga<\/a><\/div>\n\n\n<style>.wp-block-kadence-spacer.kt-block-spacer-8515_69db0d-f2 .kt-block-spacer{height:30px;}.wp-block-kadence-spacer.kt-block-spacer-8515_69db0d-f2 .kt-divider{border-top-width:1px;height:1px;border-top-color:#eee;width:80%;border-top-style:solid;}<\/style>\n<div class=\"wp-block-kadence-spacer aligncenter kt-block-spacer-8515_69db0d-f2\"><div class=\"kt-block-spacer kt-block-spacer-halign-center\"><hr class=\"kt-divider\"\/><\/div><\/div>\n\n\n<style>.wp-block-kadence-spacer.kt-block-spacer-8515_148437-fd .kt-block-spacer{height:20px;}.wp-block-kadence-spacer.kt-block-spacer-8515_148437-fd .kt-divider{border-top-width:1px;height:1px;border-top-color:#eee;width:80%;border-top-style:solid;}<\/style>\n<div class=\"wp-block-kadence-spacer aligncenter kt-block-spacer-8515_148437-fd\"><div class=\"kt-block-spacer kt-block-spacer-halign-center\"><hr class=\"kt-divider\"\/><\/div><\/div>\n\n\n\n<div class=\"wp-block-file aligncenter\"><a id=\"wp-block-file--media-6fde96d8-1003-44fe-9873-ea3d26f78a1d\" href=\"https:\/\/implanmorelia.org\/site\/wp-content\/uploads\/2025\/09\/FORMATO_DE_OPINION_MODIFICACIONES_PMDU_EDITABLE.pdf\"><strong>Formato de opiniones y sugerencias a las modificaciones<\/strong><\/a><a href=\"https:\/\/implanmorelia.org\/site\/wp-content\/uploads\/2025\/09\/FORMATO_DE_OPINION_MODIFICACIONES_PMDU_EDITABLE.pdf\" class=\"wp-block-file__button wp-element-button\" download aria-describedby=\"wp-block-file--media-6fde96d8-1003-44fe-9873-ea3d26f78a1d\">Descarga<\/a><\/div>\n\n\n<style>.wp-block-kadence-spacer.kt-block-spacer-8515_1490d2-fd .kt-block-spacer{height:20px;}.wp-block-kadence-spacer.kt-block-spacer-8515_1490d2-fd .kt-divider{border-top-width:1px;height:1px;border-top-color:#eee;width:80%;border-top-style:solid;}<\/style>\n<div class=\"wp-block-kadence-spacer aligncenter kt-block-spacer-8515_1490d2-fd\"><div class=\"kt-block-spacer kt-block-spacer-halign-center\"><hr class=\"kt-divider\"\/><\/div><\/div>\n\n\n\n<p><strong><u>El periodo de consulta p\u00fablica de las modificaciones parciales materia del presente comprende del 22 de septiembre al 18 de noviembre del a\u00f1o 2025.<\/u><\/strong><\/p>\n\n\n\n<p>Adem\u00e1s de esta p\u00e1gina, las modificaciones parciales referidas se encuentran en exhibici\u00f3n de manera impresa para su revisi\u00f3n, en d\u00edas y horas h\u00e1biles que corresponda en las siguientes ubicaciones:<\/p>\n\n\n\n<ol style=\"list-style-type:lower-roman\" class=\"wp-block-list\">\n<li>En las oficinas de la Secretar\u00eda de Desarrollo Urbano y Movilidad del Gobierno de Morelia, ubicadas en la calle Eduardo Ru\u00edz No. 570, Colonia Centro, en esta ciudad capital.\n<ol class=\"wp-block-list\">\n<li>En las instalaciones del Instituto Municipal de Planeaci\u00f3n de Morelia ubicadas en la Avenida Camelinas, n\u00famero 882 interior 2, en la Colonia La Loma de esta ciudad de Morelia.<\/li>\n<\/ol>\n<\/li>\n<\/ol>\n\n\n\n<p>Para la recepci\u00f3n de opiniones y sugerencias de manera impresa o v\u00eda electr\u00f3nica atendiendo a lo siguiente:<\/p>\n\n\n\n<ol style=\"list-style-type:lower-roman\" class=\"wp-block-list\">\n<li>Para la recepci\u00f3n de manera impresa, en d\u00edas y horas h\u00e1biles, es decir, de lunes a viernes de 9:00 a 16:00 horas, en las instalaciones del Instituto Municipal de Planeaci\u00f3n de Morelia ubicadas y\/o localizadas en la Avenida Camelinas, n\u00famero 882 interior 2, en la Colonia La Loma de esta ciudad capital.<\/li>\n\n\n\n<li>Para la recepci\u00f3n de las opiniones o sugerencias v\u00eda electr\u00f3nica, deber\u00e1 llenar el formato disponible en esta p\u00e1gina y enviarlo al correo electr\u00f3nico: participa@implanmorelia.org.<\/li>\n<\/ol>\n\n\n\n<p><\/p>\n\n\n<style>.wp-block-kadence-spacer.kt-block-spacer-8515_213789-48 .kt-block-spacer{height:80px;}.wp-block-kadence-spacer.kt-block-spacer-8515_213789-48 .kt-divider{border-top-width:1px;height:1px;border-top-color:#eee;width:80%;border-top-style:solid;}<\/style>\n<div class=\"wp-block-kadence-spacer aligncenter kt-block-spacer-8515_213789-48\"><div class=\"kt-block-spacer kt-block-spacer-halign-center\"><hr class=\"kt-divider\"\/><\/div><\/div>\n","protected":false},"excerpt":{"rendered":"<p>Modificaci\u00f3n A: A) Cambio de uso de suelo de predio r\u00fastico denominado La Cueva en la tenencia de Tac\u00edcuaro, perteneciente al Municipio de Morelia, Michoac\u00e1n de Ocampo, con una superficie total","protected":false},"author":1,"featured_media":0,"parent":0,"menu_order":0,"comment_status":"closed","ping_status":"closed","template":"","meta":{"_acf_changed":false,"inline_featured_image":false,"footnotes":""},"class_list":["post-8515","page","type-page","status-publish","hentry"],"acf":[],"yoast_head":"<!-- This site is optimized with the Yoast SEO plugin v24.2 - https:\/\/yoast.com\/wordpress\/plugins\/seo\/ -->\n<title>Consulta P\u00fablica de Modificaciones Parciales al Programa Municipal de Desarrollo Urbano (PMDU) de Morelia, Michoac\u00e1n de Ocampo 2022 \u2013 2041 (PMDU) - IMPLAN Morelia<\/title>\n<meta name=\"robots\" content=\"index, follow, max-snippet:-1, max-image-preview:large, max-video-preview:-1\" \/>\n<link rel=\"canonical\" href=\"https:\/\/implanmorelia.org\/site\/consulta-publica-de-modificaciones-parciales-al-programa-municipal-de-desarrollo-urbano-pmdu-de-morelia-michoacan-de-ocampo-2022-2041-pmdu\/\" \/>\n<meta property=\"og:locale\" content=\"es_MX\" \/>\n<meta property=\"og:type\" content=\"article\" \/>\n<meta property=\"og:title\" content=\"Consulta P\u00fablica de Modificaciones Parciales al Programa Municipal de Desarrollo Urbano (PMDU) de Morelia, Michoac\u00e1n de Ocampo 2022 \u2013 2041 (PMDU) - IMPLAN Morelia\" \/>\n<meta property=\"og:description\" content=\"Modificaci\u00f3n A: A) Cambio de uso de suelo de predio r\u00fastico denominado La Cueva en la tenencia de Tac\u00edcuaro, perteneciente al Municipio de Morelia, Michoac\u00e1n de Ocampo, con una superficie total de 14-56-38 ha en los t\u00e9rminos siguientes: a un uso de suelo primario urbanizable, y un uso de suelo secundario predominante de Equipamiento. Modificaci\u00f3n [&hellip;]\" \/>\n<meta property=\"og:url\" content=\"https:\/\/implanmorelia.org\/site\/consulta-publica-de-modificaciones-parciales-al-programa-municipal-de-desarrollo-urbano-pmdu-de-morelia-michoacan-de-ocampo-2022-2041-pmdu\/\" \/>\n<meta property=\"og:site_name\" content=\"IMPLAN Morelia\" \/>\n<meta property=\"article:publisher\" content=\"https:\/\/www.facebook.com\/IMPLANmorelia\/\" \/>\n<meta property=\"article:modified_time\" content=\"2025-09-22T18:50:35+00:00\" \/>\n<meta property=\"og:image\" content=\"https:\/\/implanmorelia.org\/site\/wp-content\/uploads\/2025\/09\/A_ZONIFICACION_SECUNDARIA.jpg\" \/>\n\t<meta property=\"og:image:width\" content=\"1\" \/>\n\t<meta property=\"og:image:height\" content=\"1\" \/>\n\t<meta property=\"og:image:type\" content=\"image\/jpeg\" \/>\n<meta name=\"twitter:card\" content=\"summary_large_image\" \/>\n<meta name=\"twitter:site\" content=\"@implanmorelia\" \/>\n<meta name=\"twitter:label1\" content=\"Tiempo de lectura\" \/>\n\t<meta name=\"twitter:data1\" content=\"2 minutos\" \/>\n<script type=\"application\/ld+json\" class=\"yoast-schema-graph\">{\"@context\":\"https:\/\/schema.org\",\"@graph\":[{\"@type\":\"WebPage\",\"@id\":\"https:\/\/implanmorelia.org\/site\/consulta-publica-de-modificaciones-parciales-al-programa-municipal-de-desarrollo-urbano-pmdu-de-morelia-michoacan-de-ocampo-2022-2041-pmdu\/\",\"url\":\"https:\/\/implanmorelia.org\/site\/consulta-publica-de-modificaciones-parciales-al-programa-municipal-de-desarrollo-urbano-pmdu-de-morelia-michoacan-de-ocampo-2022-2041-pmdu\/\",\"name\":\"Consulta P\u00fablica de Modificaciones Parciales al Programa Municipal de Desarrollo Urbano (PMDU) de Morelia, Michoac\u00e1n de Ocampo 2022 \u2013 2041 (PMDU) - IMPLAN Morelia\",\"isPartOf\":{\"@id\":\"https:\/\/implanmorelia.org\/site\/#website\"},\"primaryImageOfPage\":{\"@id\":\"https:\/\/implanmorelia.org\/site\/consulta-publica-de-modificaciones-parciales-al-programa-municipal-de-desarrollo-urbano-pmdu-de-morelia-michoacan-de-ocampo-2022-2041-pmdu\/#primaryimage\"},\"image\":{\"@id\":\"https:\/\/implanmorelia.org\/site\/consulta-publica-de-modificaciones-parciales-al-programa-municipal-de-desarrollo-urbano-pmdu-de-morelia-michoacan-de-ocampo-2022-2041-pmdu\/#primaryimage\"},\"thumbnailUrl\":\"https:\/\/implanmorelia.org\/site\/wp-content\/uploads\/2025\/09\/A_ZONIFICACION_SECUNDARIA.jpg\",\"datePublished\":\"2025-09-19T22:18:00+00:00\",\"dateModified\":\"2025-09-22T18:50:35+00:00\",\"breadcrumb\":{\"@id\":\"https:\/\/implanmorelia.org\/site\/consulta-publica-de-modificaciones-parciales-al-programa-municipal-de-desarrollo-urbano-pmdu-de-morelia-michoacan-de-ocampo-2022-2041-pmdu\/#breadcrumb\"},\"inLanguage\":\"es\",\"potentialAction\":[{\"@type\":\"ReadAction\",\"target\":[\"https:\/\/implanmorelia.org\/site\/consulta-publica-de-modificaciones-parciales-al-programa-municipal-de-desarrollo-urbano-pmdu-de-morelia-michoacan-de-ocampo-2022-2041-pmdu\/\"]}]},{\"@type\":\"ImageObject\",\"inLanguage\":\"es\",\"@id\":\"https:\/\/implanmorelia.org\/site\/consulta-publica-de-modificaciones-parciales-al-programa-municipal-de-desarrollo-urbano-pmdu-de-morelia-michoacan-de-ocampo-2022-2041-pmdu\/#primaryimage\",\"url\":\"https:\/\/implanmorelia.org\/site\/wp-content\/uploads\/2025\/09\/A_ZONIFICACION_SECUNDARIA.jpg\",\"contentUrl\":\"https:\/\/implanmorelia.org\/site\/wp-content\/uploads\/2025\/09\/A_ZONIFICACION_SECUNDARIA.jpg\"},{\"@type\":\"BreadcrumbList\",\"@id\":\"https:\/\/implanmorelia.org\/site\/consulta-publica-de-modificaciones-parciales-al-programa-municipal-de-desarrollo-urbano-pmdu-de-morelia-michoacan-de-ocampo-2022-2041-pmdu\/#breadcrumb\",\"itemListElement\":[{\"@type\":\"ListItem\",\"position\":1,\"name\":\"Inicio\",\"item\":\"https:\/\/implanmorelia.org\/site\/\"},{\"@type\":\"ListItem\",\"position\":2,\"name\":\"Consulta P\u00fablica de Modificaciones Parciales al Programa Municipal de Desarrollo Urbano (PMDU) de Morelia, Michoac\u00e1n de Ocampo 2022 \u2013 2041 (PMDU)\"}]},{\"@type\":\"WebSite\",\"@id\":\"https:\/\/implanmorelia.org\/site\/#website\",\"url\":\"https:\/\/implanmorelia.org\/site\/\",\"name\":\"IMPLAN Morelia\",\"description\":\"Instituto Municipal de Planeci\u00f3n Morelia\",\"publisher\":{\"@id\":\"https:\/\/implanmorelia.org\/site\/#organization\"},\"potentialAction\":[{\"@type\":\"SearchAction\",\"target\":{\"@type\":\"EntryPoint\",\"urlTemplate\":\"https:\/\/implanmorelia.org\/site\/?s={search_term_string}\"},\"query-input\":{\"@type\":\"PropertyValueSpecification\",\"valueRequired\":true,\"valueName\":\"search_term_string\"}}],\"inLanguage\":\"es\"},{\"@type\":\"Organization\",\"@id\":\"https:\/\/implanmorelia.org\/site\/#organization\",\"name\":\"Instituto Municipal de Planeaci\u00f3n Morelia\",\"url\":\"https:\/\/implanmorelia.org\/site\/\",\"logo\":{\"@type\":\"ImageObject\",\"inLanguage\":\"es\",\"@id\":\"https:\/\/implanmorelia.org\/site\/#\/schema\/logo\/image\/\",\"url\":\"https:\/\/implanmorelia.org\/site\/wp-content\/uploads\/2020\/03\/IMPLAN-color.png\",\"contentUrl\":\"https:\/\/implanmorelia.org\/site\/wp-content\/uploads\/2020\/03\/IMPLAN-color.png\",\"width\":719,\"height\":381,\"caption\":\"Instituto Municipal de Planeaci\u00f3n Morelia\"},\"image\":{\"@id\":\"https:\/\/implanmorelia.org\/site\/#\/schema\/logo\/image\/\"},\"sameAs\":[\"https:\/\/www.facebook.com\/IMPLANmorelia\/\",\"https:\/\/x.com\/implanmorelia\",\"https:\/\/www.youtube.com\/channel\/UCfGOm_ex__MURcsr5L5JAwQ\"]}]}<\/script>\n<!-- \/ Yoast SEO plugin. -->","yoast_head_json":{"title":"Consulta P\u00fablica de Modificaciones Parciales al Programa Municipal de Desarrollo Urbano (PMDU) de Morelia, Michoac\u00e1n de Ocampo 2022 \u2013 2041 (PMDU) - IMPLAN Morelia","robots":{"index":"index","follow":"follow","max-snippet":"max-snippet:-1","max-image-preview":"max-image-preview:large","max-video-preview":"max-video-preview:-1"},"canonical":"https:\/\/implanmorelia.org\/site\/consulta-publica-de-modificaciones-parciales-al-programa-municipal-de-desarrollo-urbano-pmdu-de-morelia-michoacan-de-ocampo-2022-2041-pmdu\/","og_locale":"es_MX","og_type":"article","og_title":"Consulta P\u00fablica de Modificaciones Parciales al Programa Municipal de Desarrollo Urbano (PMDU) de Morelia, Michoac\u00e1n de Ocampo 2022 \u2013 2041 (PMDU) - IMPLAN Morelia","og_description":"Modificaci\u00f3n A: A) Cambio de uso de suelo de predio r\u00fastico denominado La Cueva en la tenencia de Tac\u00edcuaro, perteneciente al Municipio de Morelia, Michoac\u00e1n de Ocampo, con una superficie total de 14-56-38 ha en los t\u00e9rminos siguientes: a un uso de suelo primario urbanizable, y un uso de suelo secundario predominante de Equipamiento. Modificaci\u00f3n [&hellip;]","og_url":"https:\/\/implanmorelia.org\/site\/consulta-publica-de-modificaciones-parciales-al-programa-municipal-de-desarrollo-urbano-pmdu-de-morelia-michoacan-de-ocampo-2022-2041-pmdu\/","og_site_name":"IMPLAN Morelia","article_publisher":"https:\/\/www.facebook.com\/IMPLANmorelia\/","article_modified_time":"2025-09-22T18:50:35+00:00","og_image":[{"url":"https:\/\/implanmorelia.org\/site\/wp-content\/uploads\/2025\/09\/A_ZONIFICACION_SECUNDARIA.jpg","width":1,"height":1,"type":"image\/jpeg"}],"twitter_card":"summary_large_image","twitter_site":"@implanmorelia","twitter_misc":{"Tiempo de lectura":"2 minutos"},"schema":{"@context":"https:\/\/schema.org","@graph":[{"@type":"WebPage","@id":"https:\/\/implanmorelia.org\/site\/consulta-publica-de-modificaciones-parciales-al-programa-municipal-de-desarrollo-urbano-pmdu-de-morelia-michoacan-de-ocampo-2022-2041-pmdu\/","url":"https:\/\/implanmorelia.org\/site\/consulta-publica-de-modificaciones-parciales-al-programa-municipal-de-desarrollo-urbano-pmdu-de-morelia-michoacan-de-ocampo-2022-2041-pmdu\/","name":"Consulta P\u00fablica de Modificaciones Parciales al Programa Municipal de Desarrollo Urbano (PMDU) de Morelia, Michoac\u00e1n de Ocampo 2022 \u2013 2041 (PMDU) - IMPLAN Morelia","isPartOf":{"@id":"https:\/\/implanmorelia.org\/site\/#website"},"primaryImageOfPage":{"@id":"https:\/\/implanmorelia.org\/site\/consulta-publica-de-modificaciones-parciales-al-programa-municipal-de-desarrollo-urbano-pmdu-de-morelia-michoacan-de-ocampo-2022-2041-pmdu\/#primaryimage"},"image":{"@id":"https:\/\/implanmorelia.org\/site\/consulta-publica-de-modificaciones-parciales-al-programa-municipal-de-desarrollo-urbano-pmdu-de-morelia-michoacan-de-ocampo-2022-2041-pmdu\/#primaryimage"},"thumbnailUrl":"https:\/\/implanmorelia.org\/site\/wp-content\/uploads\/2025\/09\/A_ZONIFICACION_SECUNDARIA.jpg","datePublished":"2025-09-19T22:18:00+00:00","dateModified":"2025-09-22T18:50:35+00:00","breadcrumb":{"@id":"https:\/\/implanmorelia.org\/site\/consulta-publica-de-modificaciones-parciales-al-programa-municipal-de-desarrollo-urbano-pmdu-de-morelia-michoacan-de-ocampo-2022-2041-pmdu\/#breadcrumb"},"inLanguage":"es","potentialAction":[{"@type":"ReadAction","target":["https:\/\/implanmorelia.org\/site\/consulta-publica-de-modificaciones-parciales-al-programa-municipal-de-desarrollo-urbano-pmdu-de-morelia-michoacan-de-ocampo-2022-2041-pmdu\/"]}]},{"@type":"ImageObject","inLanguage":"es","@id":"https:\/\/implanmorelia.org\/site\/consulta-publica-de-modificaciones-parciales-al-programa-municipal-de-desarrollo-urbano-pmdu-de-morelia-michoacan-de-ocampo-2022-2041-pmdu\/#primaryimage","url":"https:\/\/implanmorelia.org\/site\/wp-content\/uploads\/2025\/09\/A_ZONIFICACION_SECUNDARIA.jpg","contentUrl":"https:\/\/implanmorelia.org\/site\/wp-content\/uploads\/2025\/09\/A_ZONIFICACION_SECUNDARIA.jpg"},{"@type":"BreadcrumbList","@id":"https:\/\/implanmorelia.org\/site\/consulta-publica-de-modificaciones-parciales-al-programa-municipal-de-desarrollo-urbano-pmdu-de-morelia-michoacan-de-ocampo-2022-2041-pmdu\/#breadcrumb","itemListElement":[{"@type":"ListItem","position":1,"name":"Inicio","item":"https:\/\/implanmorelia.org\/site\/"},{"@type":"ListItem","position":2,"name":"Consulta P\u00fablica de Modificaciones Parciales al Programa Municipal de Desarrollo Urbano (PMDU) de Morelia, Michoac\u00e1n de Ocampo 2022 \u2013 2041 (PMDU)"}]},{"@type":"WebSite","@id":"https:\/\/implanmorelia.org\/site\/#website","url":"https:\/\/implanmorelia.org\/site\/","name":"IMPLAN Morelia","description":"Instituto Municipal de Planeci\u00f3n Morelia","publisher":{"@id":"https:\/\/implanmorelia.org\/site\/#organization"},"potentialAction":[{"@type":"SearchAction","target":{"@type":"EntryPoint","urlTemplate":"https:\/\/implanmorelia.org\/site\/?s={search_term_string}"},"query-input":{"@type":"PropertyValueSpecification","valueRequired":true,"valueName":"search_term_string"}}],"inLanguage":"es"},{"@type":"Organization","@id":"https:\/\/implanmorelia.org\/site\/#organization","name":"Instituto Municipal de Planeaci\u00f3n Morelia","url":"https:\/\/implanmorelia.org\/site\/","logo":{"@type":"ImageObject","inLanguage":"es","@id":"https:\/\/implanmorelia.org\/site\/#\/schema\/logo\/image\/","url":"https:\/\/implanmorelia.org\/site\/wp-content\/uploads\/2020\/03\/IMPLAN-color.png","contentUrl":"https:\/\/implanmorelia.org\/site\/wp-content\/uploads\/2020\/03\/IMPLAN-color.png","width":719,"height":381,"caption":"Instituto Municipal de Planeaci\u00f3n Morelia"},"image":{"@id":"https:\/\/implanmorelia.org\/site\/#\/schema\/logo\/image\/"},"sameAs":["https:\/\/www.facebook.com\/IMPLANmorelia\/","https:\/\/x.com\/implanmorelia","https:\/\/www.youtube.com\/channel\/UCfGOm_ex__MURcsr5L5JAwQ"]}]}},"_links":{"self":[{"href":"https:\/\/implanmorelia.org\/site\/wp-json\/wp\/v2\/pages\/8515","targetHints":{"allow":["GET"]}}],"collection":[{"href":"https:\/\/implanmorelia.org\/site\/wp-json\/wp\/v2\/pages"}],"about":[{"href":"https:\/\/implanmorelia.org\/site\/wp-json\/wp\/v2\/types\/page"}],"author":[{"embeddable":true,"href":"https:\/\/implanmorelia.org\/site\/wp-json\/wp\/v2\/users\/1"}],"replies":[{"embeddable":true,"href":"https:\/\/implanmorelia.org\/site\/wp-json\/wp\/v2\/comments?post=8515"}],"version-history":[{"count":5,"href":"https:\/\/implanmorelia.org\/site\/wp-json\/wp\/v2\/pages\/8515\/revisions"}],"predecessor-version":[{"id":8539,"href":"https:\/\/implanmorelia.org\/site\/wp-json\/wp\/v2\/pages\/8515\/revisions\/8539"}],"wp:attachment":[{"href":"https:\/\/implanmorelia.org\/site\/wp-json\/wp\/v2\/media?parent=8515"}],"curies":[{"name":"wp","href":"https:\/\/api.w.org\/{rel}","templated":true}]}}